 208*m + 4502. Calculate d(-22).
-74
Let b(x) = 56*x + 671. What is b(-10)?
111
Let t(u) = 20*u**2 + 17*u + 1. What is t(2)?
115
Let d(c) = 41*c - 14. Determine d(-6).
-260
Let r(u) = -234*u - 2595. Determine r(-10).
-255
Let c(b) = -b**2 - 310*b - 21804. What is c(-108)?
12
Let s(t) = -3*t**2 + 584*t - 5528. What is s(10)?
12
Let z(j) = j**2 - 42*j + 39. What is z(41)?
-2
Let y(a) = -a**2 - 16*a + 145. What is y(8)?
-47
Let m(p) = -7146*p + 114342. Calculate m(16).
6
Let b(y) = 2*y**2 - 435*y + 19487. What is b(63)?
20
Let l(y) = 51*y - 33. Determine l(1).
18
Let u(w) = 190*w - 7451. Calculate u(39).
-41
Let k(b) = -6*b + 157. Calculate k(25).
7
Let c(f) = -6*f**3 - 10*f**2 - 9*f + 7. What is c(-3)?
106
Let i(d) = 16*d - 2. Give i(-2).
-34
Let m(g) = -2*g**2 + 24*g + 75. Calculate m(13).
49
Let o(r) = -7*r**3 + 2*r**2 - 6*r + 4. Calculate o(2).
-56
Let p(m) = -m**3 - 4*m**2 + 5*m - 102. Calculate p(-8).
114
Let s(o) = -4*o**2 - 23*o + 9. Calculate s(-6).
3
Let p(f) = 3*f**2 - 443*f + 2010. Determine p(143).
8
Let c(w) = -733*w - 5. Calculate c(0).
-5
Let u(n) = 2*n**3 - 51*n**2 + 17*n + 169. Determine u(25).
-31
Let a(f) = -1356*f + 15063. Determine a(11).
147
Let b(v) = v**3 + 9*v**2 - 8*v - 62. What is b(-8)?
66
Let x(s) = -s**2 - 112*s - 3032. What is x(-66)?
4
Let d(b) = -3*b**2 - 8*b - 16. Calculate d(-2).
-12
Let w(k) = 5*k - 39. Determine w(17).
46
Let y(q) = 2*q**3 - 60*q**2 - 79*q + 587. Calculate y(31).
60
Let y(k) = -k**2 + 23*k + 277. Give y(32).
-11
Let w(v) = -v**3 + 20*v**2 + 52*v - 356. Calculate w(-5).
9
Let r(p) = 26*p - 394. Determine r(11).
-108
Let y(j) = -13*j + 108. Calculate y(-4).
160
Let q(k) = -k**3 + 40*k**2 + 228*k - 112. Give q(45).
23
Let c(t) = t**3 - 7*t**2 - 39*t - 70. What is c(-6)?
-304
Let s(c) = 1099*c - 14298. Give s(13).
-11
Let t(c) = c**3 - 82*c**2 - 273*c + 1524. Give t(85).
-6
Let s(r) = -6*r**2 - 231*r - 1626. Give s(-9).
-33
Let z(j) = 36*j**2 + 23*j + 11. What is z(-2)?
109
Let f(q) = q**2 + 6*q + 18. What is f(-5)?
13
Let m(k) = -k**2 - 464*k + 1403. Calculate m(3).
2
Let l(s) = 6*s**2 + 337*s + 46. Give l(-56).
-10
Let z(w) = 50*w + 842. What is z(-12)?
242
Let u(q) = q**3 + 63*q**2 - 3*q - 159. What is u(-63)?
30
Let m(g) = g**3 + 10*g**2 - 166*g + 91. Calculate m(-19).
-4
Let k(u) = 2*u**3 - 14*u**2 - 7*u + 52. Determine k(7).
3
Let q(z) = 18*z**2 - 1440*z + 2809. What is q(78)?
1
Let r(j) = -j**3 - 9*j**2 + 51*j - 48. Give r(3).
-3
Let g(z) = z**2 + 15*z - 4. What is g(-13)?
-30
Let x(z) = 1676*z + 21796. Determine x(-13).
8
Let x(m) = 5071*m - 15232. What is x(3)?
-19
Let h(j) = j**2 - 86*j - 170. What is h(88)?
6
Let n(y) = -y**3 - 16*y**2 - 244*y - 1846. Calculate n(-10).
-6
Let c(d) = -2*d**3 - 13*d**2 + 63*d - 401. Determine c(-11).
-5
Let z(s) = s**3 + s**2 + 9*s + 21. Calculate z(-6).
-213
Let y(a) = 16*a + 7. Determine y(10).
167
Let d(n) = -2*n**2 - 22*n + 7. What is d(-17)?
-197
Let x(f) = 27*f - 1267. Determine x(47).
2
Let k(b) = 2*b**3 - 12*b**2 - 12*b + 3. Determine k(6).
-69
Let n(b) = 164*b - 9184. What is n(56)?
0
Let i(a) = 3*a**3 - 6*a**2 - 22*a + 5. Determine i(-4).
-195
Let r(q) = 149*q + 17577. Give r(-118).
-5
Let g(x) = -x**3 + 5*x**2 - 4*x + 120. Calculate g(7).
-6
Let g(c) = 5*c**2 - 38*c + 46. Determine g(6).
-2
Let m(w) = 106*w**2 + 1166*w - 9. Determine m(-11).
-9
Let v(x) = -98*x - 58. Calculate v(-1).
40
Let s(j) = j**2 + 489*j + 3384. What is s(-7)?
10
Let b(v) = -7*v**3 + 9*v**2 + v - 9. What is b(2)?
-27
Let h(m) = -3*m**2 + 16*m + 99. What is h(9)?
0
Let n(z) = -z**2 - 32*z + 282. What is n(-41)?
-87
Let o(m) = 13*m**2 - 282*m + 277. What is o(1)?
8
Let i(f) = -2*f**2 - 78*f + 8. Give i(-37).
156
Let t(w) = -30*w**2 - 300*w - 12. Calculate t(-10).
-12
Let y(l) = l**3 + 19*l**2 - 17*l + 1. Give y(-20).
-59
Let s(q) = -270*q - 5. What is s(0)?
-5
Let a(n) = -1416*n + 42486. What is a(30)?
6
Let p(g) = 5*g**3 - 7*g**2 - 23*g + 55. Determine p(2).
21
Let y(d) = d**3 - 21*d**2 - 83*d - 125. Give y(25).
300
Let x(c) = -2*c**2 + 58*c - 3. What is x(30)?
-63
Let x(h) = -h**3 - 69*h**2 + 141*h - 68. Determine x(-71).
3
Let o(k) = -k**2 + 455*k + 1850. Determine o(-4).
14
Let d(t) = t**3 + 35*t**2 + 58*t + 754. What is d(-34)?
-62
Let w(h) = h**3 + 6*h**2 - 101*h - 535. What is w(-5)?
-5
Let h(c) = c**3 + 18*c**2 + 42*c - 26. Calculate h(-13).
273
Let j(v) = 116*v - 1970. Determine j(17).
2
Let d(w) = 40*w**2 - 403*w + 32. Give d(10).
2
Let i(u) = 48*u + 4175. What is i(-87)?
-1
Let k(x) = -44*x**2 - 440*x - 933. What is k(-7)?
-9
Let p(x) = -2*x**3 + 20*x**2 - 20*x + 23. What is p(9)?
5
Let v(o) = -5*o**2 - 54*o + 17. Determine v(-14).
-207
Let r(y) = 35*y**2 + 338*y + 644. Give r(-7).
-7
Let g(n) = n**3 - 32*n**2 - 6*n + 247. Give g(32).
55
Let g(d) = d**2 - 28*d - 25. Determine g(25).
-100
Let a(x) = -12*x**3 + 119*x**2 - 100*x + 7. What is a(9)?
-2
Let c(s) = 2*s**3 - 429*s**2 - 1097*s + 2615. What is c(217)?
11
Let x(l) = -l**3 - 10*l**2 - 17*l + 6. Calculate x(-8).
14
Let b(f) = f**3 - 15*f**2 + 13*f + 41. Calculate b(12).
-235
Let o(u) = 156*u**3 + 10*u**2 + 7*u - 19. Determine o(1).
154
Let a(g) = -g**2 - 11*g - 18. Give a(-7).
10
Let o(k) = k**2 + 33*k + 148. Give o(-10).
-82
Let p(n) = 155*n - 1781. Give p(13).
234
Let v(n) = 126*n + 424. Calculate v(-4).
-80
Let q(v) = -11*v**3 + 53*v**2 - 2*v. What is q(5)?
-60
Let v(d) = -d**3 + 17*d**2 + 200*d + 5. Determine v(25).
5
Let g(l) = 8053*l - 24147. Calculate g(3).
12
Let a(t) = -t - 125. Calculate a(-45).
-80
Let q(n) = -148*n + 3430. What is q(23)?
26
Let y(g) = -1009*g - 19163. Calculate y(-19).
8
Let n(f) = -9174*f + 73396. What is n(8)?
4
Let a(i) = -i**3 + 4*i**2 - 5*i - 33. Give a(9).
-483
Let k(s) = -22*s + 200. Determine k(7).
46
Let q(s) = -s**2 + 44*s - 395. What is q(30)?
25
Let o(u) = u**2 + 84*u - 2497. Calculate o(24).
95
Let j(x) = 7*x + 183. Determine j(37).
442
Let n(y) = -y**2 - 16*y - 108. Give n(-21).
-213
Let g(p) = -202*p - 403. Determine g(-2).
1
Let v(y) = -20*y - 309. Give v(-12).
-69
Let l(b) = 2781*b + 380991. What is l(-137)?
-6
Let s(i) = -2*i**2 + 55*i - 305. Determine s(9).
28
Let u(z) = -z**3 - 25*z**2 - 103*z - 70. Calculate u(-20).
-10
Let o(q) = q**2 - 46*q - 709. Determine o(-12).
-13
Let d(j) = -2*j**3 - 8*j**2 + 41*j + 10. Give d(3).
7
Let j(l) = -10*l**2 + 214*l + 590. Give j(24).
-34
Let u(s) = 12*s - 442. Calculate u(40).
38
Let n(t) = -112*t + 450. What is n(6)?
-222
Let j(t) = 20*t + 180. What is j(-15)?
-120
Let g(f) = -7*f**2 + f + 53. Give g(-6).
-205
Let k(t) = -12*t + 165. Give k(14).
-3
Let h(n) = 2208*n + 55190. Calculate h(-25).
-10
Let z(d) = -2*d**2 - 85*d + 11. Calculate z(4).
-361
Let q(g) = g**3 + 119*g**2 - 8452*g + 74. Determine q(50).
-26
Let s(j) = -280*j + 25464. Give s(91).
-16
Let s(a) = -2*a**2 - 15*a - 2. Give s(-10).
-52
Let o(b) = -b**3 - 5*b**2 + 17*b - 19. Calculate o(-8).
37
Let x(i) = 2*i**2 - 13*i - 18. What is x(14)?
192
Let k(f) = 3*f**2 + 45*f + 42. Calculate k(-14).
0
Let l(o) = -o**2 + 21*o + 23. What is l(21)?
23
Let k(b) = -b**3 - 83*b**2 - 82*b + 4. What is k(-82)?
4
Let o(t) = 4*t**3 + 22*t - 47. Determine o(2).
29
Let o(t) = 21*t + 404. Calculate o(-14).
110
Let a(z) = -39*z + 367. Give a(9).
16
Let k(i) = i**3 - 30*i**2 - 66*i + 36. What is k(32)?
-28
Let p(b) = -3*b**3 + 11*b**2 - 5*b + 4. Determine p(4).
-32
Let x(b) = b**2 + 99*b + 2014. What is x(-29)?
-16
Let u(z) = z**2 - 3462*z + 37953. Calculate u(11).
-8
Let k(d) = 749*d**3 - d + 2. Give k(1).
750
Let x(v) = 117*v - 1080. Give x(8).
-144
Let i(u) = -2*u**3 + 57*u**2 + 25*u + 108. Determine i(29).
-8
Let b(k) = -k**3 + 2*k**2 - 39*k - 79. Give b(-2).
15
Let z(t) = 379*t + 166. What is z(-1)?
-213
Let w(d) = 21*d + 195. Give w(-9).
6
Let f(s) = 2*s**3 - 6*s + 5. Determine f(0).
5
Let a(w) = 2*w**3 - 9*w**2 - 32*w - 10. Give a(7).
11
Let r(i) = -i**3 + 3*i**2 + 23*i - 6. Determine r(0).
-6
Let i(q) = -6*q**2 + 15*q + 79. Calculate i(-9).
-542
Let l(x) = -67*x - 1546. Determine l(-24).
62
Let p(y) = -y**3 - 27*y**2 + 20*y - 230. Determine p(-28).
-6
Let y(p) = p**3 + 32*p**2 + 42*p + 354. Determine y(-31).
13
Let d(w) = 2*w**3 + 61*w**2 - 40*w - 324. What is d(-31)?
-45
Let a(c) = 32*c**2 - 56*c + 30. Determine a(2).
46
Let m(u) = 5561*u - 66745. What is m(12)?
-13
L